-2). Let u = 832 + i. Is u/6 - (-22)/66 a prime number?
True
Let k(p) = -29037*p - 2026. Is k(-7) a composite number?
False
Let a be ((-1)/((-2)/(-5)))/((-20)/16). Is (47/188)/(a/65672) prime?
True
Let l be (2127*(-8)/36)/(6/(-63)). Suppose 0 = -3*m + 5*z + 28249, 2*m = 2*z + l + 13867. Is m a prime number?
True
Let o be (3/(-18)*-9)/(6/20). Let d(t) = 921*t**2 - t - 3. Let s be d(-2). Suppose 0 = -o*p - 25, 5*p - 538 = -2*u + s. Is u composite?
True
Let x(u) = 45*u + 47748. Let b be x(0). Suppose 0 = 12*l - 19728 - b. Is l composite?
False
Is (-57606 + -7 + -1)/(-1) - (2 + -1) prime?
False
Suppose 0 = 5*h + 5*f + 60, 2*h - 8*f = -7*f - 27. Let c(a) = 55*a**2 + 4*a + 16. Is c(h) a composite number?
True
Suppose 5*i - 3*a + 847 = 3*i, 2*a = 2. Is i*(1 - (-441)/(-14)) a composite number?
True
Let l(s) = 220*s**2 + 288*s - 5. Is l(-11) prime?
True
Let g(r) be the second derivative of 13*r**4/3 - r**3/2 - 6*r**2 + 27*r. Let j be g(5). Let v = j - -378. Is v a composite number?
True
Suppose 15680 = 12*t - 8164. Let h = 5444 + t. Is h composite?
True
Let r = 64124 + -38625. Is r a composite number?
True
Suppose 35 = -2*v - 3*b - 23, -v + 5*b - 16 = 0. Is (-259146)/v - 90/585 a prime number?
True
Suppose 5*b + 2*y - 1140247 = 0, -3*y + 332 = 329. Is b a composite number?
False
Let f = -10672 - 271. Let w = f - -18684. Is w composite?
False
Suppose -5*l = 5*q + 4305, 2*l = -3*l + 4*q - 4296. Let u = 1495 + l. Suppose -3*b + 0*b + u = -4*w, 0 = b + 5*w - 180. Is b a prime number?
False
Let o(b) = -b**3 - 6*b**2 + 4*b - 10. Suppose 0 = 12*d + 108 - 12. Let k be o(d). Suppose 4*y = -5*a + 1053 - k, -4*y + 776 = 4*a. Is a composite?
False
Let r = 5 + 1. Suppose -3*d + r*d - 60 = 0. Is d - -3*2*(-3)/(-6) a prime number?
True
Let n be (2/6)/((-3)/(-9)). Is ((-13)/52)/(n/(-15956)) a composite number?
False
Suppose x - 1 - 4 = -2*a, 0 = -x - 4*a + 13. Let t be (x - (-3315)/25)*285. Is t/20 - 1/(-5)*1 composite?
False
Let y(m) = 102*m**2 + 3*m + 9. Let n be y(8). Suppose 4*d = -n + 51893. Is d a composite number?
True
Let i = -16 + 24. Suppose 0 = 4*n - i, w + 2*n - 1198 = -155. Suppose 4*h + 8*u = 3*u + 1021, 0 = 4*h - u - w. Is h a composite number?
True
Let o(g) = 48*g**3 - 5*g**2 - 10*g + 8. Let j be (-90)/(-14) + -1 + 135/(-315). Is o(j) composite?
True
Let d = -59 - -75. Suppose 5*c + d*c - 2688 = 0. Suppose c + 243 = 7*q. Is q a composite number?
False
Let p(q) = 25754*q**2 - 113*q - 605. Is p(-6) a prime number?
False
Let q(m) be the third derivative of 17*m**7/5040 + m**6/24 - m**5/30 + m**4/6 - 19*m**2. Let n(j) be the third derivative of q(j). Is n(19) composite?
False
Let t(n) = -2*n**2 - 15*n - 15. Let z be t(-6). Suppose 12 = z*p, -5*b = -p - 2259 + 368. Is b prime?
True
Is 154197 + ((-84)/4 - -43) a prime number?
False
Let a(i) = -300*i**3 + 14*i**2 + 66*i - 7. Is a(-11) composite?
False
Let p(g) be the first derivative of 215*g**3/3 + 2*g**2 + 44*g + 22. Is p(-5) prime?
True
Let q(a) = 18*a - 250. Let m be q(14). Is (-2)/(7/((-27559)/m)) prime?
False
Suppose 25*b - 600423 = 1950956 - 329204. Is b a prime number?
False
Let a = -496028 + 2604151. Is a a composite number?
False
Let y(m) = -9*m + 11. Let u be y(5). Let o = u + 36. Suppose o*g = -g + 2343. Is g a prime number?
False
Let u(o) = 19977*o**2 + 3*o - 1. Is u(2) a composite number?
True
Let c be 19526*6/16 - (-4)/(-16). Suppose 14*j = -0*j + c. Is j prime?
True
Let t(h) = 1337*h**3 - 3*h**2 - 6*h + 5. Let z be t(2). Let d = -6916 + z. Is d a composite number?
False
Let l be (-107730)/(-57)*(-36)/(-10). Let a = l - 4171. Is a prime?
True
Suppose -5*z + 2*o + 16818 = 0, 14*o = -4*z + 17*o + 13453. Let x = -785 + z. Is x a composite number?
False
Suppose 0 = 2*j + 3*v - 0*v + 364, -3*v = -5*j - 889. Let i = j + 316. Let f = -70 + i. Is f composite?
False
Let v(r) = -15*r + 21. Let z be v(8). Suppose 4*s - 3*s - 2*g + 156 = 0, -4*g = -3*s - 458. Let a = z - s. Is a a composite number?
False
Suppose 197*b = -48*b + 470568 + 5116657. Is b composite?
True
Suppose 204 = -11*i + 9*i. Let k = 112 + i. Suppose k = -l - l, -2*a - 2*l = -276. Is a a composite number?
True
Suppose -1202*a = -1216*a + 1922746. Is a a composite number?
False
Let j(t) = -11*t**2 + 49*t - 10. Let q be j(4). Is 4867 + (6 - 36/3) + q a prime number?
True
Suppose -2*u + 15334 = -4*b + 220, 0 = 2*u + 5*b - 15123. Is u a prime number?
True
Suppose -5*f = 13*f - 45036. Let h = f + 15149. Is h a prime number?
False
Let h(t) = 8*t**3 + 6*t**2 + 2*t - 27. Let a(j) = 9*j**3 + 7*j**2 + 2*j - 26. Let r(s) = 4*a(s) - 5*h(s). Is r(-7) prime?
True
Let s = 1583 + -2628. Let l = s - -4154. Is l composite?
False
Let l be 14/(-10) + (-4)/(-10) - -3. Let a = 126 + 33. Suppose l*q + a = 3*q. Is q a composite number?
True
Suppose -125*r + 339660 + 819892 = 3*r. Is r a composite number?
False
Suppose 0 = -44*i + 47*i - 24. Is ((-27340)/i*1)/(3/(-6)) a composite number?
True
Suppose -4*j = -28 - 16. Is 3 - -29 - -3 - 22/j a prime number?
False
Let i = 24583 + 133011. Is i prime?
False
Let o(x) be the first derivative of -x**3 + 4*x**2 - 9*x + 14. Let g be o(-6). Is (6/(-18))/(1/g) composite?
True
Let n be -2*(-6)/(-6 + 12). Suppose 1657 = n*d - d. Is d a prime number?
True
Let s = 9902 - 5743. Let q = 1588 + s. Is q a composite number?
True
Suppose b = -2*v + 3, 0 = -3*b + 9*v - 7*v + 17. Let w be (-2 + 1)*-3*97. Suppose -6*p + 2*p = -b*r - w, -3*r = -2*p + 145. Is p a prime number?
False
Suppose -88882124 - 154308961 = -118*o + 39450893. Is o a composite number?
False
Let r(u) = 70*u**2 - 198*u - 189. Is r(-38) composite?
True
Let f be -62*(5 + (-11)/2). Suppose 37*y - f*y - 13236 = 0. Is y composite?
True
Is -75 - -74 - (0 - 42740) composite?
True
Let t = 1577084 + -1049737. Is t prime?
True
Suppose -n = -4*n + 9. Suppose 4*w + u - 20 = 0, -3*w = -u + 6*u - 32. Suppose -2*j = 4*b - 1652, -n*b + w*b + j - 413 = 0. Is b prime?
False
Let r(a) = 164849*a - 302. Is r(5) a composite number?
True
Suppose 6*k = b + 4850396, 895152 = 3*k - 3*b - 1530051. Is k composite?
False
Let a = -36 + 39. Suppose a*y = -10 + 145. Suppose -r + 190 = -y. Is r prime?
False
Suppose 0 = -3*j, -329*i + 372826 = -327*i + 3*j. Is i composite?
True
Let m be (-2 + -2)*(-1)/2. Suppose 5*p - p + 5 = 3*f, 4*f - 5*p - 7 = 0. Suppose -m*n = f*n - 745. Is n a composite number?
False
Suppose -2*k - 13 = -4*f + 3, 0 = 4*k - f - 3. Suppose 12*j - 16*j + 57323 = 5*b, k*b - 3*j = 22943. Is b composite?
False
Suppose 8*l - 26634 = 4*l - 2*t, -2*l = -5*t - 13347. Suppose -4*c + l - 497 = 0. Is c a prime number?
False
Suppose -5*d + 1062538 = 3*x, 0 = -0*x + 4*x + d - 1416689. Is x prime?
False
Let a(w) = -w**3 - 4*w**2 + 22*w + 9. Let z be a(-7). Suppose -2*l - 840 = -6*l + h, 3*l = z*h + 635. Is l a prime number?
False
Suppose 16357 - 54856 = 5*n + 2*a, -4*a + 38487 = -5*n. Let b = -3938 - n. Is b composite?
False
Let b = 34444 - 16947. Suppose 0 = 5*v + 3*h - b, -v - 4*h - h = -3517. Is v prime?
False
Let s be ((-6)/(-6))/(-4)*-76. Suppose 0 = -21*v + s*v - 3*o + 33434, -5*v + 5*o + 83635 = 0. Is v a prime number?
False
Suppose 3*c - 4*u + 5 = 0, -2*u + 25 = 3*u. Suppose -33667 = -c*p + 7433. Suppose -4*a = 1672 - p. Is a composite?
False
Suppose s - 7 = -3*m, 0*s - 11 = 3*s + m. Let n(r) be the second derivative of -5*r**5/4 - r**4/3 - 8*r**3/3 - 2*r**2 - 463*r. Is n(s) composite?
True
Let j = 25930 + 21287. Let y = -33568 + j. Is y a composite number?
False
Let q(k) = 4*k**2 + 12*k - 21. Let d(l) = 9*l**2 + 24*l - 41. Let f(w) = 3*d(w) - 7*q(w). Let u = -3152 + 3145. Is f(u) composite?
False
Let h(v) = 131059*v**2 + 50*v + 50. Is h(-1) a prime number?
True
Let b(x) = 9*x + 12. Let j be b(6). Let t = 26 - j. Let o = -14 - t. Is o composite?
True
Let t(f) = -f**3 - 12*f**2 + 42*f - 46. Let r be t(-15). Is (257370/(-50) + 6/15)/r composite?
False
Let g(t) = 41*t**2 + 55*t + 283. Is g(-28) composite?
True
Suppose 0 = -3*f - f + 12, -3*u - 9 = -5*f. Suppose -t + u*t = 5. Let r(s) = 229*s + 6. Is r(t) composite?
False
Let r(d) = 21*d**2 + 181*d - 101. Is r(-35) a composite number?
False
Is -7 + (2351*338 + 3 - (-26 + 25)) composite?
True
Suppose -4*p = -3*b + 35, -4*b - 2 + 54 = -4*p. Suppose 0 = -16*j + b*j - 745. Is j composite?
True
Let d = -10240 + 6769. Let t = d + 5972. Is t com